{"id":405,"date":"2016-05-06T19:26:05","date_gmt":"2016-05-06T17:26:05","guid":{"rendered":"http:\/\/www.windenergie-politik-gesellschaft.de\/?page_id=405"},"modified":"2025-12-20T09:27:27","modified_gmt":"2025-12-20T08:27:27","slug":"herzlich-willkommen","status":"publish","type":"page","link":"https:\/\/www.windenergie-politik-gesellschaft.de\/","title":{"rendered":"Willkommen!"},"content":{"rendered":"<p>Sie finden hier eine Sammlung von Artikeln, Studien, TV Beitr\u00e4ge und Links zum Themenkomplex Windenergie &#8211; Politik &#8211; Gesellschaft. Windenergie ist die effektivste und kosteng\u00fcnstigste Form der Energiegewinnung und ein wesentlicher Baustein f\u00fcr eine vollst\u00e4ndige Versorgung aus regenerativen Energien. Politiker und direkt betroffene B\u00fcrger wissen oft nicht, wie sie Informationen zu dem Thema Windenergie einordnen sollen. Mindestabst\u00e4nde zu Wohnbebauungen, Immobilienpreise, L\u00e4rm, Natur- und Artenschutzkonflikte sind hierbei die h\u00e4ufigsten Konfliktherde.<\/p>\n<p>B\u00fcrgerinitiativen gegen Windkraft machen Politikern und Gemeinder\u00e4ten schwer zu schaffen und verhindern oft Projekte, die letztendlich allen zugutekommen &#8211; denn den Strom ben\u00f6tigen wir alle, wenn die Sektoren Verkehr (Mobilit\u00e4t) und Geb\u00e4ude (W\u00e4rme) umgestellt werden.<\/p>\n<p>Meines Erachtens ist ein falscher Planungsansatz bei der Ausweisung f\u00fcr Windvorrangfl\u00e4chen f\u00fcr viele Konflikte verantwortlich. So sehe ich das &#8220;durchdr\u00fccken&#8221; von Vorrangfl\u00e4chen von oben herab als ein wesentliches Problem, da hier die lokale Bev\u00f6lkerung nicht mitgenommen wird. Regionalpl\u00e4ne (ROP) mit Ausschlusswirkung hatten juristisch keinen Bestand, denn Klagen von Bef\u00fcrwortern oder Gegnern f\u00fchrten regelm\u00e4\u00dfig dazu, dass diese ROPs wieder aufgehoben wurden.<\/p>\n<p>Durch das Windfl\u00e4chenbedarfsgesetz von Robert Habeck wurde ein neuer Ansatz geschaffen, der die Fl\u00e4chenausweisung automatisch beendet, wenn die Ziele erreicht sind, und zwar rechtssicher.<\/p>\n<p>Eine Planung der Vorrangfl\u00e4chen auf der untersten Ebene der Gemeinden ist seit 2024 durch die Gemeinde\u00f6ffnungsklausel m\u00f6glich, geregelt im \u00a7 245e Absatz 5 BauGB. Gemeinden k\u00f6nnen nun eigene Standorte f\u00fcr Windenergieanlagen erm\u00f6glichen, sofern sie geeignete Fl\u00e4chen haben. M\u00f6glicherweise wird dieser Ansatz noch weiter ausgebaut in Richtung Energiefl\u00e4chen, f\u00fcr W\u00e4rme, PV und Speicher, um die vernachl\u00e4ssigte W\u00e4rmewende voranzubringen. Viel zu wenige Gemeinden nutzen diese M\u00f6glichkeit und erkennen nicht, welche Einnahmenm\u00f6glichkeit ihnen entgeht durch die Kommunale Beteiligung nach \u00a7 6 EEG.<\/p>\n<p>Schleswig-Holstein hat im Klimaschutzgesetz zudem ein Monitoring eingef\u00fchrt. Kommunen werden zuk\u00fcnftig in einer lokalen Bilanz klimasch\u00e4dliche Gase transparent dokumentieren und regelm\u00e4\u00dfig fortschreiben. Gemeinden werden sich nun sehr bald rechtfertigen m\u00fcssen, warum sie nichts gegen lokale Treibhausgasemissionen unternehmen.<\/p>\n<p>Der Ansatz einer Planung &#8220;von unten&#8221; ist meiner Meinung nach die ehrlichste und erfolgversprechendste Art und Weise, die Anteile der Erneuerbaren deutlich zu erh\u00f6hen.<\/p>\n","protected":false},"excerpt":{"rendered":"<p>Sie finden hier eine Sammlung von Artikeln, Studien, TV Beitr\u00e4ge und Links zum Themenkomplex Windenergie &#8211; Politik &#8211; Gesellschaft. Windenergie ist die effektivste und kosteng\u00fcnstigste Form der Energiegewinnung und ein wesentlicher Baustein f\u00fcr eine vollst\u00e4ndige Versorgung aus regenerativen Energien. Politiker und direkt betroffene B\u00fcrger wissen oft nicht, wie sie Informationen zu dem Thema Windenergie einordnen &#8230; <a title=\"Willkommen!\" class=\"read-more\" href=\"https:\/\/www.windenergie-politik-gesellschaft.de\/\" aria-label=\"Mehr Informationen \u00fcber Willkommen!\">Weiterlesen<\/a><\/p>\n","protected":false},"author":2,"featured_media":0,"parent":0,"menu_order":0,"comment_status":"closed","ping_status":"closed","template":"","meta":{"jetpack_post_was_ever_published":false,"footnotes":""},"class_list":["post-405","page","type-page","status-publish"],"jetpack_sharing_enabled":false,"jetpack_shortlink":"https:\/\/wp.me\/P6ODB3-6x","jetpack-related-posts":[{"id":90,"url":"https:\/\/www.windenergie-politik-gesellschaft.de\/?page_id=90","url_meta":{"origin":405,"position":0},"title":"Impressum","author":"Joern Woehlk","date":"24. September 2015","format":false,"excerpt":"Angaben gem\u00e4\u00df \u00a7 5 TMG J\u00f6rn W\u00f6hlk Meiereiweg 19 25856 Hattstedt Kontakt:\u00a0 E-Mail: info@joern-woehlk.de Verantwortlich f\u00fcr den Inhalt nach \u00a7 55 Abs. 2 RStV: J\u00f6rn W\u00f6hlk Meiereiweg 19 25856 Hattstedt Haftungsausschluss:\u00a0 Haftung f\u00fcr Inhalte Die Inhalte unserer Seiten wurden mit gr\u00f6\u00dfter Sorgfalt erstellt. F\u00fcr die Richtigkeit, Vollst\u00e4ndigkeit und Aktualit\u00e4t der\u2026","rel":"","context":"\u00c4hnlicher Beitrag","block_context":{"text":"\u00c4hnlicher Beitrag","link":""},"img":{"alt_text":"","src":"","width":0,"height":0},"classes":[]},{"id":933,"url":"https:\/\/www.windenergie-politik-gesellschaft.de\/?page_id=933","url_meta":{"origin":405,"position":1},"title":"Datenschutz","author":"Joern Woehlk","date":"30. April 2018","format":false,"excerpt":"Die verantwortliche Stelle f\u00fcr die Datenverarbeitung auf dieser Website ist: W\u00f6hlk-Handelsvertretung J\u00f6rn W\u00f6hlk Meiereiweg 19 25856 Hattstedt Die verantwortliche Stelle entscheidet allein oder gemeinsam mit anderen \u00fcber die Zwecke und Mittel der Verarbeitung von personenbezogenen Daten (z.B. Namen, Kontaktdaten o. \u00c4.). Widerruf Ihrer Einwilligung zur Datenverarbeitung Nur mit Ihrer ausdr\u00fccklichen\u2026","rel":"","context":"\u00c4hnlicher Beitrag","block_context":{"text":"\u00c4hnlicher Beitrag","link":""},"img":{"alt_text":"","src":"","width":0,"height":0},"classes":[]},{"id":217,"url":"https:\/\/www.windenergie-politik-gesellschaft.de\/?page_id=217","url_meta":{"origin":405,"position":2},"title":"Links","author":"Joern Woehlk","date":"16. Oktober 2015","format":false,"excerpt":"Windenergie Handbuch (mit FAQ zur Windenergie und Erkl\u00e4rungen zum aktuellen Rechtsrahmen) Alles Wichtige \u00fcber Sektorenkopplung und Klimaschutz in Deutschland Fachagentur Wind und Solar (mit einem Rundbrief zu Rechtsfragen und vielen n\u00fctzlichen Fachinformationen) Next Kraftwerke Wissen - Nachschlagewerk mit vielen Details Strom Report - Statistiken und Infografiken (aktuelle Strompreisstatistiken, Strommix, Wind\u2026","rel":"","context":"\u00c4hnlicher Beitrag","block_context":{"text":"\u00c4hnlicher Beitrag","link":""},"img":{"alt_text":"","src":"","width":0,"height":0},"classes":[]},{"id":398,"url":"https:\/\/www.windenergie-politik-gesellschaft.de\/?page_id=398","url_meta":{"origin":405,"position":3},"title":"Gesetze","author":"Joern Woehlk","date":"5. Mai 2016","format":false,"excerpt":"Das Windfl\u00e4chenbedarfsgesetz WindBG Umfassende Sammlung an Gesetzen von der Clearingstelle EEG 23 Bundeswirtschaftsministerium - Infoportal Energie, Recht und Politik Gesetz zur Umweltvertr\u00e4glichkeitspr\u00fcfung BImSchG Umweltinformationsgesetz Energiewirtschaftsgesetz Anreizregulierungsverordnung Netzausbaubeschleunigungsgesetz Messstellenbetriebsgesetz","rel":"","context":"\u00c4hnlicher Beitrag","block_context":{"text":"\u00c4hnlicher Beitrag","link":""},"img":{"alt_text":"","src":"","width":0,"height":0},"classes":[]},{"id":1059,"url":"https:\/\/www.windenergie-politik-gesellschaft.de\/?page_id=1059","url_meta":{"origin":405,"position":4},"title":"Windenergie allgemein","author":"Joern Woehlk","date":"10. April 2019","format":false,"excerpt":"","rel":"","context":"\u00c4hnlicher Beitrag","block_context":{"text":"\u00c4hnlicher Beitrag","link":""},"img":{"alt_text":"","src":"","width":0,"height":0},"classes":[]},{"id":1345,"url":"https:\/\/www.windenergie-politik-gesellschaft.de\/?page_id=1345","url_meta":{"origin":405,"position":5},"title":"Client Portal","author":"Joern Woehlk","date":"14. August 2023","format":false,"excerpt":"[jetpackcrm_clientportal]","rel":"","context":"\u00c4hnlicher Beitrag","block_context":{"text":"\u00c4hnlicher Beitrag","link":""},"img":{"alt_text":"","src":"","width":0,"height":0},"classes":[]}],"_links":{"self":[{"href":"https:\/\/www.windenergie-politik-gesellschaft.de\/index.php?rest_route=\/wp\/v2\/pages\/405","targetHints":{"allow":["GET"]}}],"collection":[{"href":"https:\/\/www.windenergie-politik-gesellschaft.de\/index.php?rest_route=\/wp\/v2\/pages"}],"about":[{"href":"https:\/\/www.windenergie-politik-gesellschaft.de\/index.php?rest_route=\/wp\/v2\/types\/page"}],"author":[{"embeddable":true,"href":"https:\/\/www.windenergie-politik-gesellschaft.de\/index.php?rest_route=\/wp\/v2\/users\/2"}],"replies":[{"embeddable":true,"href":"https:\/\/www.windenergie-politik-gesellschaft.de\/index.php?rest_route=%2Fwp%2Fv2%2Fcomments&post=405"}],"version-history":[{"count":28,"href":"https:\/\/www.windenergie-politik-gesellschaft.de\/index.php?rest_route=\/wp\/v2\/pages\/405\/revisions"}],"predecessor-version":[{"id":1448,"href":"https:\/\/www.windenergie-politik-gesellschaft.de\/index.php?rest_route=\/wp\/v2\/pages\/405\/revisions\/1448"}],"wp:attachment":[{"href":"https:\/\/www.windenergie-politik-gesellschaft.de\/index.php?rest_route=%2Fwp%2Fv2%2Fmedia&parent=405"}],"curies":[{"name":"wp","href":"https:\/\/api.w.org\/{rel}","templated":true}]}}

<p>Sie finden hier eine Sammlung von Artikeln, Studien, TV Beiträge und Links zum Themenkomplex Windenergie &#8211; Politik &#8211; Gesellschaft. Windenergie ist die effektivste und kostengünstigste Form der Energiegewinnung und ein wesentlicher Baustein für eine vollständige Versorgung aus regenerativen Energien. Politiker und direkt betroffene Bürger wissen oft nicht, wie sie Informationen zu dem Thema Windenergie einordnen sollen. Mindestabstände zu Wohnbebauungen, Immobilienpreise, Lärm, Natur- und Artenschutzkonflikte sind hierbei die häufigsten Konfliktherde.</p>
<p>Bürgerinitiativen gegen Windkraft machen Politikern und Gemeinderäten schwer zu schaffen und verhindern oft Projekte, die letztendlich allen zugutekommen &#8211; denn den Strom benötigen wir alle, wenn die Sektoren Verkehr (Mobilität) und Gebäude (Wärme) umgestellt werden.</p>
<p>Meines Erachtens ist ein falscher Planungsansatz bei der Ausweisung für Windvorrangflächen für viele Konflikte verantwortlich. So sehe ich das &#8220;durchdrücken&#8221; von Vorrangflächen von oben herab als ein wesentliches Problem, da hier die lokale Bevölkerung nicht mitgenommen wird. Regionalpläne (ROP) mit Ausschlusswirkung hatten juristisch keinen Bestand, denn Klagen von Befürwortern oder Gegnern führten regelmäßig dazu, dass diese ROPs wieder aufgehoben wurden.</p>
<p>Durch das Windflächenbedarfsgesetz von Robert Habeck wurde ein neuer Ansatz geschaffen, der die Flächenausweisung automatisch beendet, wenn die Ziele erreicht sind, und zwar rechtssicher.</p>
<p>Eine Planung der Vorrangflächen auf der untersten Ebene der Gemeinden ist seit 2024 durch die Gemeindeöffnungsklausel möglich, geregelt im § 245e Absatz 5 BauGB. Gemeinden können nun eigene Standorte für Windenergieanlagen ermöglichen, sofern sie geeignete Flächen haben. Möglicherweise wird dieser Ansatz noch weiter ausgebaut in Richtung Energieflächen, für Wärme, PV und Speicher, um die vernachlässigte Wärmewende voranzubringen. Viel zu wenige Gemeinden nutzen diese Möglichkeit und erkennen nicht, welche Einnahmenmöglichkeit ihnen entgeht durch die Kommunale Beteiligung nach § 6 EEG.</p>
<p>Schleswig-Holstein hat im Klimaschutzgesetz zudem ein Monitoring eingeführt. Kommunen werden zukünftig in einer lokalen Bilanz klimaschädliche Gase transparent dokumentieren und regelmäßig fortschreiben. Gemeinden werden sich nun sehr bald rechtfertigen müssen, warum sie nichts gegen lokale Treibhausgasemissionen unternehmen.</p>
<p>Der Ansatz einer Planung &#8220;von unten&#8221; ist meiner Meinung nach die ehrlichste und erfolgversprechendste Art und Weise, die Anteile der Erneuerbaren deutlich zu erhöhen.</p>

<p>Sie finden hier eine Sammlung von Artikeln, Studien, TV Beiträge und Links zum Themenkomplex Windenergie &#8211; Politik &#8211; Gesellschaft. Windenergie ist die effektivste und kostengünstigste Form der Energiegewinnung und ein wesentlicher Baustein für eine vollständige Versorgung aus regenerativen Energien. Politiker und direkt betroffene Bürger wissen oft nicht, wie sie Informationen zu dem Thema Windenergie einordnen &#8230; <a title="Willkommen!" class="read-more" href="https://www.windenergie-politik-gesellschaft.de/" aria-label="Mehr Informationen über Willkommen!">Weiterlesen</a></p>

Angaben gemäß § 5 TMG Jörn Wöhlk Meiereiweg 19 25856 Hattstedt Kontakt:  E-Mail: info@joern-woehlk.de Verantwortlich für den Inhalt nach § 55 Abs. 2 RStV: Jörn Wöhlk Meiereiweg 19 25856 Hattstedt Haftungsausschluss:  Haftung für Inhalte Die Inhalte unserer Seiten wurden mit größter Sorgfalt erstellt. Für die Richtigkeit, Vollständigkeit und Aktualität der…

Ähnlicher Beitrag

Die verantwortliche Stelle für die Datenverarbeitung auf dieser Website ist: Wöhlk-Handelsvertretung Jörn Wöhlk Meiereiweg 19 25856 Hattstedt Die verantwortliche Stelle entscheidet allein oder gemeinsam mit anderen über die Zwecke und Mittel der Verarbeitung von personenbezogenen Daten (z.B. Namen, Kontaktdaten o. Ä.). Widerruf Ihrer Einwilligung zur Datenverarbeitung Nur mit Ihrer ausdrücklichen…

Windenergie Handbuch (mit FAQ zur Windenergie und Erklärungen zum aktuellen Rechtsrahmen) Alles Wichtige über Sektorenkopplung und Klimaschutz in Deutschland Fachagentur Wind und Solar (mit einem Rundbrief zu Rechtsfragen und vielen nützlichen Fachinformationen) Next Kraftwerke Wissen - Nachschlagewerk mit vielen Details Strom Report - Statistiken und Infografiken (aktuelle Strompreisstatistiken, Strommix, Wind…

Das Windflächenbedarfsgesetz WindBG Umfassende Sammlung an Gesetzen von der Clearingstelle EEG 23 Bundeswirtschaftsministerium - Infoportal Energie, Recht und Politik Gesetz zur Umweltverträglichkeitsprüfung BImSchG Umweltinformationsgesetz Energiewirtschaftsgesetz Anreizregulierungsverordnung Netzausbaubeschleunigungsgesetz Messstellenbetriebsgesetz
